030010
In base 6, what is -155310 - 454?
-200204
In base 4, what is -10 - 122001122000?
-122001122010
In base 15, what is 443c41 - -5?
443c46
In base 6, what is 32 - -1112045?
1112121
In base 15, what is 624765 - -54?
6247b9
In base 11, what is -15338322 + 4?
-15338319
In base 3, what is 111 - -221220111002211?
221220111010022
In base 2, what is -1100100100101001100100111 - -1100?
-1100100100101001100011011
In base 5, what is -1010423 + -23413?
-1034341
In base 4, what is 32 + -1310301303201?
-1310301303103
In base 10, what is 390818847 + -4?
390818843
In base 2, what is -100110101110011000000011 + 100?
-100110101110010111111111
In base 3, what is -112001 - 210010010?
-210122011
In base 12, what is 10 + -1890974?
-1890964
In base 15, what is -1c54a2 - -1?
-1c54a1
In base 7, what is -3065122 + -260?
-3065412
In base 15, what is -242c1 + -32?
-24303
In base 2, what is -1 + -1011101100100010101100?
-1011101100100010101101
In base 6, what is 13243 + -1201023?
-1143340
In base 15, what is e6536 + 5e5?
e6b2b
In base 5, what is -124244143 - 1003?
-124300201
In base 9, what is -42883800 + 1?
-42883788
In base 4, what is 0 - -20210221113?
20210221113
In base 6, what is 3151535 - 10010?
3141525
In base 8, what is -74145 - -326?
-73617
In base 2, what is -11010100110110010110 - -11010?
-11010100110101111100
In base 4, what is -103221 + -1232200?
-2002021
In base 6, what is 251221210 - 155?
251221011
In base 14, what is 19700 - 71c?
18dc2
In base 6, what is -23220 - 15404?
-43024
In base 3, what is -12210200 - -22220?
-12110210
In base 13, what is -1638 - -c39?
-6cc
In base 8, what is -34060177 + 4?
-34060173
In base 14, what is -8596 + -2737?
-accd
In base 15, what is 57a3 + -3b?
5767
In base 3, what is -11 - 11201012222202102?
-11201012222202120
In base 16, what is 1 + ed36f?
ed370
In base 11, what is -112a + -5832?
-6961
In base 2, what is 10011010101101000011001 + 11011?
10011010101101000110100
In base 6, what is 3 + 14530251541?
14530251544
In base 10, what is 1 - 114753363?
-114753362
In base 5, what is -10433100 - 220?
-10433320
In base 4, what is -33121011 - 1013333?
-100201010
In base 4, what is -23212322 - -30101?
-23122221
In base 3, what is 10111100212001 - -1?
10111100212002
In base 14, what is ca + -42a470?
-42a384
In base 8, what is -12565031501 - -1?
-12565031500
In base 13, what is -1 + -26018c?
-260190
In base 13, what is -59b060 - -11?
-59b04c
In base 3, what is -1021101102000011 + 20?
-1021101101222221
In base 2, what is -10101111100001111 + -11010011010?
-10110010110101001
In base 11, what is -4 - 607144?
-607148
In base 9, what is 120604125 - -4?
120604130
In base 15, what is -47b45e2 + 2?
-47b45e0
In base 11, what is -227 + 8828a?
88063
In base 15, what is 2b9b6a + -8?
2b9b62
In base 3, what is 2110110101212202 + -10?
2110110101212122
In base 6, what is 221435 + -30425?
151010
In base 6, what is -120 + -52231441?
-52232001
In base 15, what is -50dd4827 + 3?
-50dd4824
In base 13, what is -123a9c0 - -4?
-123a9b9
In base 15, what is -6b37 - 4c4?
-710b
In base 8, what is 226761026 + 4?
226761032
In base 5, what is -1041414 - 14?
-1041433
In base 8, what is -564066 - 73?
-564161
In base 16, what is -141a + -61?
-147b
In base 8, what is 111763216 + -4?
111763212
In base 11, what is 4 - 15510401?
-155103a8
In base 3, what is -102212100021220 - 0?
-102212100021220
In base 5, what is -2 + -442340422?
-442340424
In base 10, what is -118249 - 173?
-118422
In base 8, what is 4664413 + 11?
4664424
In base 3, what is 10111120112122 - 202?
10111120111220
In base 11, what is 761 + a301?
aa62
In base 14, what is 1 - 1871a505?
-1871a504
In base 4, what is 20300300033 - 1002?
20300233031
In base 16, what is da - -292e0?
293ba
In base 13, what is -16617 + -619?
-16c33
In base 7, what is -46 - 12021242?
-12021321
In base 4, what is 323 + -233221323?
-233221000
In base 7, what is -53206524 - -16?
-53206505
In base 4, what is -31312210312 - -103?
-31312210203
In base 10, what is 1178598 + -14?
1178584
In base 9, what is -40047 - 766?
-40824
In base 4, what is -123311101310 - 10?
-123311101320
In base 9, what is 473 - -157520?
158103
In base 7, what is 1543 - 5425154?
-5423311
In base 2, what is -1 + -1110110000010101101110111?
-1110110000010101101111000
In base 14, what is 29 + 3287?
32b2
In base 8, what is -25004272 + 2?
-25004270
In base 14, what is -1b320 - 474?
-1b794
In base 2, what is -11101000010111 - -101100011?
-11100010110100
In base 13, what is -10971 - -178?
-107c6
In base 6, what is -541253 - -12213?
-525040
In base 9, what is -80765 - 344?
-81220
In base 8, what is 1047 - -16672?
17741
In base 12, what is -1aa57 - 249?
-1b0a4
In base 8, what is 123 - -55?
200
In base 15, what is -637748a + -1?
-637748b
In base 4, what is -3012321103022 + -1?
-3012321103023
In base 13, what is -314ab8 + 29?
-314a8c
In base 3, what is 10 + -1111102002220?
-1111102002210
In base 4, what is -10001021223 - 3?
-10001021232
In base 11, what is 199 + 115577?
115765
In base 13, what is 963140c0 - 4?
963140b9
In base 7, what is -4 - -1455203012?
1455203005
In base 8, what is -5 - -51556575?
51556570
In base 13, what is -4495c79 + 10?
-4495c69
In base 2, what is 100111100 + 10111111111111100?
11000000100111000
In base 12, what is -14013a - 7?
-140145
In base 12, what is -b53 + -1574?
-2507
In base 16, what is a8 - -1045b5?
10465d
In base 13, what is -47c538 + -6?
-47c541
In base 7, what is -4536316 + 61?
-4536225
In base 8, what is -1026 - 152237?
-153265
In base 4, what is -103 + -10010200202?
-10010200311
In base 7, what is -14440 + 10256?
-4151
In base 4, what is -1303333 - -131200?
-1112133
In base 6, what is -102334003 + 0?
-102334003
In base 9, what is -31525741 - -50?
-31525681
In base 9, what is 263 + 21227?
21501
In base 5, what is 12240413130 + 1?
12240413131
In base 15, what is 1e4 - -610c?
6301
In base 3, what is 0 + 2010210101122?
2010210101122
In base 16, what is -1a36c + -103?
-1a46f
In base 13, what is 150070 - -4a?
1500ba
In base 8, what is 250 - -412260?
412530
In base 14, what is 23d762 + 33b?
23da9d
In base 9, what is 2045645 + -11?
2045634
In base 14, what is -646d0 + -66?
-64756
In base 12, what is -9138715 + -7?
-9138720
In base 10, what is 292 + -23352?
-23060
In base 8, what is 4 - -166431564?
166431570
In base 16, what is 9ff070 - 5?
9ff06b
In base 6, what is 132404110 + -32?
132404034
In base 15, what is 4 + 685e654?
685e658
In base 6, what is 11 + 142400553?
142401004
In base 12, what is 2 + -2b9b5bb?
-2b9b5b9
In base 7, what is -1203 - 1210443?
-1211646
In base 2, what is -111111 - -1101011101101111?
1101011100110000
In base 8, what is -134673 - -1426?
-133245
In base 10, what is -125 - -3706694?
3706569
In base 12, what is 6 + -47a7b7?
-47a7b1
In base 12, what is -16 + 2b54120?
2b54106
In base 10, what is 25278111 + -40?
25278071
In base 2, what is -10000 + 10111000000111010100?
10111000000111000100
In base 10, what is -11980 + -7145?
-19125
In base 13, what is 35 - 9855b7c?
-9855b47
In base 14, what is -2a03698b - 1?
-2a03698c
In base 3, what is 1110222122 + -1021201?
1102200221
In base 8, what is -25 - 35342216?
-35342243
In base 8, what is 0 - -55215016?
55215016
In base 15, what is 39 + -8ba9e?
-8ba65
In base 5, what is -31 + -32234314?
-32234400
In base 4, what is 13301223001 - 2?
13301222333
In base 15, what is 3302 - -176?
3478
In base 10, what is -9398673 - 5?
-9398678
In base 15, what is -c500c4 - -4?
-c500c0
In base 3, what is -22 + 1112010202112?
1112010202020
In base 12, what is -15b3 + -3760?
-5153
In base 14, what is 29 + -226536?
-22650b
In base 5, what is -44203044302 - -11?
-44203044241
In base 9, what is 3230757 + 3?
3230761
In base 13, what is -18 - -12118?
12100
In base 9, what is -75 + 33231488?
33231413
In base 10, what is -1 + -11390027?
-11390028
In base 3, what is 2112201010212 + 112111?
2112201200100
In base 4, what is 21003 + 13013003?
13100012
In base 14, what is -7cd9a96 + -9?
-7cd9aa1
In base 9, what is 27 + -14466736?
-14466708
In base 16, what is 7 - -5e7ee12?
5e7ee19
In base 9, what is 11605150 + -33?
11605116
In base 15, what is -56a18 + b?
-56a0c
In base 11, what is -69 - 321071?
-32112a
In base 5, what is 2 - -340302144320?
340302144322
In base 4, what is 11011 - 200331120?
-200320103
In base 11, wh